
-17
Let n(q) = -q**2 - 23*q - 135. What is n(-21)?
-93
Let x(b) = -23*b + 89. Give x(5).
-26
Let h(v) = -8*v**2 - 79*v - 89. Determine h(-7).
72
Let f(u) = 8*u**2 - 82*u - 54. What is f(11)?
12
Let n(t) = 221*t + 3461. What is n(-19)?
-738
Let r(o) = 28*o - 419. What is r(12)?
-83
Let q(c) = 478*c**2 - 4783*c + 39. Calculate q(10).
9
Let w(a) = a**2 + 107*a + 950. Give w(-98).
68
Let m(j) = -396*j - 1174. Calculate m(-3).
14
Let o(t) = -2*t**3 - 104*t**2 - 197*t + 141. Give o(-50).
-9
Let r(f) = -211*f + 3374. Determine r(16).
-2
Let r(k) = k**3 + 16*k**2 - 28*k + 131. Calculate r(-18).
-13
Let g(t) = 3*t**3 - 46*t**2 + 18*t + 57. Calculate g(15).
102
Let i(m) = 14*m**2 + 6*m - 140. Determine i(3).
4
Let y(h) = -57*h**2 - 906*h - 768. What is y(-15)?
-3
Let x(m) = 210*m - 19725. Determine x(94).
15
Let c(t) = -72*t + 4004. Determine c(59).
-244
Let i(s) = -98*s - 57. Determine i(-3).
237
Let z(v) = 3*v**3 + 37*v**2 - 124*v - 50. What is z(-15)?
10
Let y(t) = 3*t**3 - 70*t**2 + 12*t + 253. Give y(23).
0
Let c(z) = z**3 - 12*z**2 - z + 71. Give c(12).
59
Let y(o) = 3*o**2 + 46*o + 168. Calculate y(-12).
48
Let u(g) = -7*g**2 - 64*g + 9. Calculate u(-11).
-134
Let v(u) = -4*u**2 + 54*u - 88. What is v(12)?
-16
Let j(m) = -m**3 + 52*m**2 - 103*m + 209. Determine j(50).
59
Let t(p) = p**3 - 22*p**2 + 30*p - 80. Give t(21).
109
Let p(c) = -1375*c - 15083. What is p(-11)?
42
Let t(j) = 51*j - 103. Determine t(2).
-1
Let o(b) = b**3 + 78*b**2 - 9*b + 5519. Give o(-79).
-11
Let u(d) = -274*d - 1111. What is u(-5)?
259
Let w(t) = -11*t**2 - 7*t. Give w(2).
-58
Let s(u) = 17*u - 1548. What is s(91)?
-1
Let z(b) = -2615*b - 2607. Calculate z(-1).
8
Let z(v) = v**3 + 3*v**2 + 8*v - 16. Give z(-5).
-106
Let r(o) = -o**3 - 6*o**2 + 33*o + 14. Give r(-10).
84
Let h(f) = 7*f**3 + f**2 + 11*f + 3. Determine h(-3).
-210
Let b(t) = t**2 - 211*t - 14947. Calculate b(-56).
5
Let a(t) = t**3 + 24*t**2 + 352*t + 872. Determine a(-3).
5
Let k(s) = -23*s**2 - 38*s + 1. Determine k(-2).
-15
Let x(c) = -52*c + 22. Calculate x(-6).
334
Let z(k) = k**3 - 41*k**2 + 289*k - 31. Determine z(32).
1
Let f(t) = -t**3 - 13*t**2 + 7*t + 88. Give f(-13).
-3
Let t(k) = 2*k**2 - 12*k + 41. Calculate t(8).
73
Let y(l) = -106*l + 325. Give y(3).
7
Let f(d) = 10*d**3 + 580*d**2 - 23*d - 1328. Determine f(-58).
6
Let w(b) = 2*b**2 - b + 11. Give w(-5).
66
Let s(n) = -17*n - 139. Calculate s(-11).
48
Let p(f) = f**3 + 38*f**2 - 82*f - 92. Determine p(-40).
-12
Let g(u) = -2*u**3 - 2*u**2 + 96*u + 1. Calculate g(6).
73
Let u(c) = c**2 - 35*c + 72. Give u(31).
-52
Let x(p) = -14*p - 417. Give x(-29).
-11
Let u(g) = -g**3 + 39*g**2 - 46*g + 211. Determine u(38).
-93
Let s(t) = 11*t**2 - 901*t + 813. Give s(81).
3
Let j(t) = 4*t**3 + 31*t**2 - 335*t + 25. What is j(6)?
-5
Let x(v) = -354*v + 5684. What is x(16)?
20
Let n(l) = -4*l**2 - 12*l + 35. Give n(-5).
-5
Let u(c) = -c**3 + 20*c**2 + 26*c - 852. What is u(19)?
3
Let m(i) = i**3 + 24*i**2 + 133*i - 67. Determine m(-10).
3
Let t(j) = 401*j - 5214. Calculate t(13).
-1
Let p(t) = -531*t + 12742. What is p(24)?
-2
Let x(d) = 48*d**2 - 176*d - 60. Give x(4).
4
Let q(i) = -i**3 - 79*i**2 + 78*i - 151. Give q(-80).
9
Let t(g) = 10*g**2 + 102*g - 530. Determine t(-14).
2
Let n(x) = -55*x - 39. What is n(1)?
-94
Let i(y) = -44*y**3 - 3*y**2 - 3*y - 6. Give i(-2).
340
Let g(u) = 69*u - 496. Give g(7).
-13
Let y(c) = -137*c**2 + 4109*c + 34. Determine y(30).
4
Let q(l) = 4*l**2 + 30*l - 139. Determine q(7).
267
Let a(o) = -9*o**2 - 20*o. What is a(-8)?
-416
Let p(u) = -1310*u - 3899. Determine p(-3).
31
Let i(h) = 6*h**2 - 59*h - 2. What is i(10)?
8
Let h(o) = -o**3 + 28*o**2 - 968*o + 25390. What is h(27)?
-17
Let q(a) = a**3 + 18*a**2 + 195*a + 2253. Calculate q(-15).
3
Let w(i) = -18*i + 12. Calculate w(9).
-150
Let w(k) = 5*k**2 - 7*k + 8. Determine w(6).
146
Let q(u) = u**2 + 2*u - 36. Give q(8).
44
Let b(q) = 3*q**2 + 72*q + 1171. What is b(-16)?
787
Let t(z) = -37*z**3 - 2*z**2 - 13*z + 15. Determine t(1).
-37
Let k(m) = 8533*m + 34125. Determine k(-4).
-7
Let o(z) = 4*z**2 + 241*z + 2027. What is o(-50)?
-23
Let m(g) = 18*g - 356. Calculate m(-4).
-428
Let r(k) = 9*k**2 + 13*k - 45. Determine r(2).
17
Let d(o) = o**2 - 19*o - 413. What is d(32)?
3
Let m(s) = -92*s + 912. Calculate m(10).
-8
Let w(z) = 320*z + 20490. Determine w(-64).
10
Let d(o) = -340*o + 2581. Determine d(7).
201
Let t(r) = 6*r**2 + 186*r - 66. Determine t(-35).
774
Let k(a) = -17*a**2 + 2351*a + 1656. Give k(139).
-12
Let i(o) = -o**3 + 44*o**2 + 87*o + 204. Determine i(46).
-26
Let z(l) = 4*l**2 - 32*l - 294. Determine z(-7).
126
Let h(p) = 309*p**2 - p + 2. Calculate h(1).
310
Let c(w) = -2*w**3 - 9*w**2 + 23*w + 102. Determine c(-4).
-6
Let n(b) = -7*b**2 - 58*b + 73. What is n(-11)?
-136
Let k(p) = p**2 + 28*p - 48. What is k(-34)?
156
Let a(t) = -2*t**3 + 49*t**2 - 41*t - 636. Calculate a(23).
8
Let t(r) = 383*r - 7628. What is t(20)?
32
Let x(q) = -10*q - 343. Determine x(10).
-443
Let p(n) = -n**3 - 22*n**2 - 9*n + 255. What is p(-21)?
3
Let t(w) = 50*w + 546. Determine t(-9).
96
Let d(h) = h**3 + 19*h**2 - 36*h + 43. Calculate d(-21).
-83
Let i(s) = 42*s + 1645. Give i(-39).
7
Let p(z) = z**3 + 7*z**2 - 16. Determine p(-6).
20
Let z(x) = 6*x**2 - 16*x - 26. Calculate z(5).
44
Let r(p) = -p**2 - 51*p - 86. Determine r(-50).
-36
Let m(c) = -773*c - 5505. Determine m(-7).
-94
Let f(y) = -2*y**3 - 31*y**2 - 50*y - 23. Calculate f(-14).
89
Let m(t) = 2*t**2 + 354*t + 15. Determine m(-177).
15
Let c(p) = -p**3 - 51*p**2 - 190*p - 96. Calculate c(-47).
-2
Let k(d) = -d**2 - 1148*d + 17449. Determine k(15).
4
Let n(y) = -34*y + 338. Give n(9).
32
Let u(o) = 4*o**3 - 4*o**2 - 2*o + 4. Determine u(-2).
-40
Let o(w) = -231*w + 450. Give o(2).
-12
Let u(c) = 6*c**3 - 2*c**2 - 8*c - 6. Determine u(-3).
-162
Let l(b) = -b**3 - 16*b**2 - 66*b - 29. Calculate l(-9).
-2
Let n(b) = -b**2 - 18*b + 171. What is n(9)?
-72
Let w(f) = f**2 + 46*f + 14. Calculate w(-40).
-226
Let z(b) = -b**2 - b + 7. Calculate z(-2).
5
Let r(g) = -g**3 - 13*g**2 - 41*g - 54. Determine r(-8).
-46
Let d(t) = 2*t**3 - 94*t**2 + 494*t - 44. Determine d(41).
38
Let h(q) = -q**3 - 31*q**2 - 92*q - 237. Give h(-28).
-13
Let b(d) = -277*d + 1638. Give b(6).
-24
Let f(h) = h**3 - 20*h**2 + 25*h - 55. Give f(19).
59
Let d(x) = x**2 - 331*x + 19908. Determine d(79).
0
Let x(u) = 5*u**2 + 4*u - 46. Calculate x(-8).
242
Let q(v) = -v**3 - 36*v**2 - 178*v + 60. Calculate q(-30).
0
Let j(u) = 6*u + 147. Calculate j(-44).
-117
Let h(j) = 5*j**3 + 335*j**2 + 335*j + 315. What is h(-66)?
-15
Let l(j) = -68*j - 417. Calculate l(-12).
399
Let w(b) = 31*b**2 - 175*b - 17. What is w(6)?
49
Let l(u) = 966*u - 5809. What is l(6)?
-13
Let c(u) = -30*u + 60. Calculate c(10).
-240
Let q(n) = -9*n**2 - 5*n + 15. Give q(3).
-81
Let z(t) = -2*t**3 + 21*t**2 + 75*t + 51. What is z(-2)?
1
Let d(u) = -45*u + 228. What is d(4)?
48
Let x(d) = 352*d - 317. What is x(1)?
35
Let u(v) = -2*v**2 + 79*v - 186. What is u(37)?
-1
Let g(i) = -8*i**2 - 123*i + 110. Calculate g(-16).
30
Let j(q) = 16*q + 218. Give j(-10).
58
Let k(f) = 40*f + 619. Give k(-16).
-21
Let j(x) = -1115*x - 40136. Give j(-36).
4
Let s(t) = 275*t + 7377. Calculate s(-27).
-48
Let p(s) = s**3 + 75*s**2 - 73*s + 233. Determine p(-76).
5
Let p(h) = h**2 + 10*h - 315. Determine p(15).
60
Let o(s) = 743*s - 11894. Calculate o(16).
-6
Let t(g) = -2*g**2 + 6*g + 393. What is t(-11)?
85
Let i(k) = -46*k + 11. Calculate i(6).
-265
Let c(a) = 63*a + 15. Give c(-3).
-174
Let h(d) = -d**2 - 2583*d - 15460. Determine h(-6).
2
Let n(a) = -4*a**2 - 46*a - 7. Give n(-14).
-147
Let q(k) = -26*k**2 + 540*k + 19. Determine q(19).
893
Let m(x) = 2*x - 28. Determine m(14).
0
Let m(n) = 82*n - 2451. Calculate m(30).
9
Let s(c) = -c**3 + 25*c**2 - 47*c - 61. Give s(21).
716
Let j(u) = -62*u - 278. Determine j(-6).
94
Let a(k) = -139*k**2 - 1104*k + 22. Determine a(-8).
-42
Let t(k) = -k**2 - 147*k + 8. What is t(0)?
8
Let p(j) = 100*j - 126. What is p(5)?
374
Let s(v) = 34*v + 137. What is s(-7)?
-101
Let d(a) = -a**3 - 21*a - 261. What is d(0)?
-261
Let s(m) = -19*m**2 - 284*m + 20. What is s(-15)?
5
Let o(r) = -558*r - 17302. Calculate o(-31).
-4
Let q(k) = -27*k**2 + 39*k - 24. Determ